3036 a multiple of 67?
False
Is 198071158 a multiple of 953?
False
Is 82586216 a multiple of 25?
False
Does 150 divide 287492550?
True
Does 182 divide 133860335?
False
Is 375 a factor of 937861?
False
Does 787 divide 17635096?
True
Does 233 divide 75355229?
True
Is 74744208 a multiple of 297?
True
Does 919 divide 29669291?
False
Does 2283 divide 53698443?
True
Does 246 divide 842869062?
True
Is 8 a factor of 765004577?
False
Does 3139 divide 357993533?
True
Is 4 a factor of 90514944?
True
Is 153 a factor of 2805033762?
True
Does 3876 divide 523519692?
True
Is 6541244 a multiple of 38?
True
Is 30764400 a multiple of 827?
True
Does 12 divide 38994204?
True
Is 349501334 a multiple of 17?
True
Is 368254908 a multiple of 252?
True
Is 241752535 a multiple of 45?
False
Is 1652986998 a multiple of 6299?
False
Is 109299978 a multiple of 118?
True
Is 15 a factor of 8288520?
True
Is 46536895 a multiple of 12?
False
Is 70704356 a multiple of 1502?
False
Is 66783277 a multiple of 692?
False
Is 1264891731 a multiple of 12?
False
Is 98790763 a multiple of 12?
False
Is 86710465 a multiple of 6?
False
Is 3015 a factor of 18174420?
True
Is 24 a factor of 52815864?
True
Is 60941736 a multiple of 3235?
False
Does 17 divide 1884691276?
False
Is 18 a factor of 2477180739?
False
Is 5 a factor of 87006805?
True
Is 267 a factor of 139532331?
True
Is 3436 a factor of 142528716?
True
Does 3966 divide 268145226?
True
Is 3159659362 a multiple of 4185?
False
Is 254438535 a multiple of 897?
True
Is 8 a factor of 35744944?
True
Is 186 a factor of 97713614?
False
Is 54 a factor of 123441526?
False
Is 59128300 a multiple of 110?
True
Is 138 a factor of 4673442036?
True
Does 4 divide 51161862?
False
Is 30104064 a multiple of 141?
True
Is 215 a factor of 249105880?
True
Does 84 divide 10598112?
True
Does 1434 divide 100627962?
False
Is 6 a factor of 908779458?
True
Is 179 a factor of 1637762827?
True
Does 66 divide 100218228?
True
Is 22 a factor of 45838232?
True
Is 154 a factor of 1547319312?
True
Is 90 a factor of 714237930?
True
Is 283432617 a multiple of 2529?
True
Does 181 divide 276363470?
True
Is 62 a factor of 580721512?
True
Is 780888720 a multiple of 16?
True
Is 535 a factor of 64657109?
False
Is 409727172 a multiple of 940?
False
Is 3 a factor of 13248768?
True
Is 262 a factor of 7644649?
False
Is 884525076 a multiple of 12?
True
Is 214 a factor of 4859321?
False
Is 75 a factor of 597512582?
False
Is 4 a factor of 455939?
False
Does 22 divide 455310132?
False
Is 1154210 a multiple of 15?
False
Is 141 a factor of 810511475?
False
Is 242 a factor of 27276788?
True
Does 302 divide 1498439497?
False
Is 427799208 a multiple of 17?
False
Does 336 divide 129858960?
True
Does 19 divide 15482322?
False
Is 79057413 a multiple of 4099?
True
Is 87 a factor of 18995058?
True
Is 41953565 a multiple of 21?
False
Is 63531300 a multiple of 35?
True
Is 1567417940 a multiple of 1115?
True
Does 145 divide 7164647?
False
Is 331 a factor of 9077013?
True
Is 1057235319 a multiple of 1449?
True
Does 15 divide 19362302?
False
Is 124502373 a multiple of 459?
True
Does 804 divide 161613648?
True
Is 228 a factor of 641507069?
False
Is 1201 a factor of 715870462?
True
Is 8 a factor of 5749037861?
False
Is 43 a factor of 57649869?
False
Is 8196544 a multiple of 7?
False
Is 33687518 a multiple of 194?
True
Is 28 a factor of 748282?
False
Does 52 divide 23319576?
False
Is 68 a factor of 1825629074?
False
Does 11 divide 213346155?
True
Is 631 a factor of 17251145?
False
Is 29300880 a multiple of 815?
True
Is 636 a factor of 269171100?
True
Is 63331067 a multiple of 905?
False
Is 20024337 a multiple of 30?
False
Is 3 a factor of 325983133?
False
Is 140971779 a multiple of 2743?
False
Is 209744870 a multiple of 10?
True
Does 125 divide 1741307603?
False
Is 65 a factor of 520980993?
False
Does 162 divide 17510729?
False
Does 1360 divide 224137520?
True
Is 2669078024 a multiple of 2686?
False
Is 620332584 a multiple of 558?
False
Does 115 divide 43363466?
False
Does 28 divide 28121324?
True
Does 18 divide 158981832?
True
Is 10 a factor of 136466921?
False
Is 38686425 a multiple of 795?
False
Does 68 divide 33630080?
True
Does 61 divide 51565795?
False
Is 6117 a factor of 384025260?
True
Is 19 a factor of 770434724?
True
Is 249647265 a multiple of 618?
False
Is 46 a factor of 79272572?
False
Is 75 a factor of 1604465400?
True
Is 18384261 a multiple of 5?
False
Is 5053 a factor of 327050372?
True
Does 311 divide 14219147?
False
Is 3546 a factor of 1769495625?
False
Is 4 a factor of 270486308?
True
Is 55 a factor of 22866711?
False
Does 13 divide 2926852?
False
Does 1700 divide 89910844?
False
Is 170 a factor of 6105413?
False
Is 10 a factor of 14296030?
True
Is 1086 a factor of 312530168?
False
Is 637528409 a multiple of 634?
False
Does 5103 divide 465614156?
False
Is 821181818 a multiple of 146?
True
Is 44 a factor of 1994349792?
False
Is 5285 a factor of 613479502?
False
Is 83 a factor of 274677544?
True
Is 8 a factor of 61046936?
True
Is 250640062 a multiple of 1297?
True
Is 252467243 a multiple of 7511?
True
Is 837885178 a multiple of 2863?
False
Does 279 divide 233216743?
False
Is 85 a factor of 50240865?
True
Is 46 a factor of 79252710?
True
Is 4027874271 a multiple of 35?
False
Does 388 divide 192706020?
True
Is 60110400 a multiple of 35?
True
Is 2522560338 a multiple of 128?
False
Does 81 divide 127733274?
True
Is 82628199 a multiple of 9?
True
Is 1099274621 a multiple of 9632?
False
Does 25 divide 19190082?
False
Is 11 a factor of 747795976?
False
Is 2398 a factor of 381202866?
True
Is 59117037 a multiple of 1603?
True
Is 74750722 a multiple of 104?
False
Is 1231165977 a multiple of 184?
False
Is 945 a factor of 65828700?
True
Does 2400 divide 42500344?
False
Is 44991279 a multiple of 547?
False
Does 8 divide 24809646?
False
Is 453 a factor of 161967885?
True
Is 90473132 a multiple of 17?
False
Is 25 a factor of 1147681575?
True
Is 19244307 a multiple of 23?
True
Does 937 divide 509779576?
False
Is 147393365 a multiple of 4?
False
Is 731 a factor of 74608784?
True
Is 144682932 a multiple of 82?
True
Is 431 a factor of 11124972?
True
Does 290 divide 4480657591?
False
Is 67027 a multiple of 6?
False
Is 171 a factor of 666861034?
False
Is 42 a factor of 4125240?
True
Is 25142768 a multiple of 801?
False
Is 36932682 a multiple of 15?
False
Is 1907076578 a multiple of 7975?
False
Does 275 divide 41788725?
True
Is 19 a factor of 21518294?
False
Is 393524532 a multiple of 793?
False
Is 11 a factor of 651065?
False
Is 224228028 a multiple of 2669?
True
Is 133 a factor of 184665897?
False
Is 3 a factor of 49895076?
True
Is 80362275 a multiple of 175?
True
Is 7 a factor of 14081528?
False
Does 11 divide 2333462?
False
Does 174 divide 340774650?
True
Does 357 divide 82366700?
False
Does 1783 divide 48016117?
False
Does 159 divide 8002113?
False
Is 75551550 a multiple of 575?
True
Does 7590 divide 917790390?
True
Is 4719733 a multiple of 382?
False
Is 783154356 a multiple of 12?
True
Is 520602253 a multiple of 59?
True
Is 22 a factor of 4361092758?
True
Does 44 divide 1463148795?
False
Does 698 divide 111853951?
False
Is 11811852 a multiple of 2327?
True
Does 104 divide 33359456?
True
Does 335 divide 272421330?
True
Is 14423593 a multiple of 349?
False
Does 126 divide 46539738?
True
Is 6200 a factor of 957444619?
False
Is 1095174850 a multiple of 1870?
True
Does 49 divide 398550595?
False
Is 633677455 a multiple of 5795?
True
Is 447 a factor of 16528719?
True
Is 20 a factor of 1993924900?
True
Does 91 divide 18560787?
False
Does 52 divide 44495100?
True
Does 16 divide 1058829509?
False
Is 2708 a factor of 9105584?
False
Is 291 a factor of 18200886?
True
Is 55404168 a multiple of 8?
True
Does 921 divide 361777468?
False
Does 669 divide 428961462?
True
Is 115 a factor of 605904065?
True
Is 192973365 a multiple of 3155?
False
Is 19 a factor of 199301887?
True
Does 456 divide 2756301796?
False
Is 6738262 a multiple of 185?
False
Does 424 divide 153469344?
True
Is 322991383 a multiple of 13?
True
Is 218 a factor of 8111404?
False
Is 13240008 a multiple of 1972?
True
Does 3200 divide 368780800?
True
Is 823 a factor of 2813392580?
True
Is 69 a factor of 766846680?
True
Is 30779108 a multiple of 8742?
False
Is 4